x(-1). Let h = u - 183. Determine g(h).
-3
Let p(k) = -2*k + 4*k - 4 - 3 - k. Let f(a) = 263*a + 1057. Let u be f(-4). Determine p(u).
-2
Let q = -2013 - -2015. Let s(j) = 0*j**2 - 3*j + j**q + 34996 + 5*j - 34993. Suppose 0 = 2*l + 8 - 2. Calculate s(l).
6
Let u be (2 + 0)/(19 - 21). Let y(b) be the first derivative of 3 + b + 0*b**2 - 1/3*b**3 + b**4. Determine y(u).
-4
Let i(w) = -511 + 5*w - 31*w - 3*w**2 + 1026 - 532. Calculate i(-8).
-1
Suppose 0 = -u - n - 0 + 9, -2*n - 18 = -4*u. Let t(b) = 2229*b**2 - 12*b + 9*b - 15 - 2228*b**2. Calculate t(u).
3
Suppose -3*u - 5*v = 11, -5*u + u + v = 7. Let m(l) = -l**3 - 4*l**2 - 10*l - 8. Let o(j) = 2*j**2 - 1. Let h(w) = u*o(w) + m(w). Calculate h(-6).
-18
Suppose -16*d + 137 = -727. Let p(m) = -17 + m - 16 + d - 24. What is p(-9)?
-12
Let z(g) be the first derivative of -g**2/2 - 21*g + 142053. Let l = -1 - -1. What is z(l)?
-21
Let p(z) = z**3 + 4*z - 3*z**2 - 7*z + 5*z + 2 + z**2. Let h(v) = -2*v**2 + 25*v - 10. Let m = -54 - -66. Let y be h(m). Determine p(y).
6
Suppose -2*b - 2 + 2 = 0. Let p(h) = 2 + b - 9*h - 2. Give p(-3).
27
Let w(i) = 92*i - 729. Let s(f) = 132*f - 1092. Let k(u) = 5*s(u) - 7*w(u). Determine k(23).
11
Let t = 8880 - 1035. Let p(j) = -7838 - j**2 + t + 0*j**2 + 3*j. Calculate p(6).
-11
Let w(g) = 9 + 7 - 16 - 3*g. Let f(l) = -11*l - 199. Let u be f(-18). What is w(u)?
3
Let b(s) = 8*s - 15. Suppose -7450*x + 7429*x = 147. Calculate b(x).
-71
Let h(l) = -172 + 482 + 17*l - 149 - 183. What is h(7)?
97
Let h be 69/(-115)*(-12 + 2). Let a(b) = -b**3 + 7*b**2 - 6*b + 25. What is a(h)?
25
Let l(b) = 1860*b**2 + 1869*b**2 + 3 - 3730*b**2 + 3*b + 12. What is l(6)?
-3
Let z be (-2)/(((-1)/3)/(1/2)). Let k(b) = -9*b + b**z - 4*b**2 - 3*b**2 + 17 - 10 + b. What is k(8)?
7
Suppose -40 = -y - 3*y - 5*z, 5*y + z = 71. Let h be (y/(-10) + -3 - -5)*2. Let x(s) = -5*s + 2. Calculate x(h).
-3
Let a(k) = -k**3 + k**2 - k + 21. Let b be -5 + -2*(-1)/(-2). Let i be (-50)/13 - 10/65 - -7. Let r be (-2)/b - i/9. Calculate a(r).
21
Let s(y) = 6*y + 62. Suppose -32*v = 4*p - 30*v + 30, 0 = 5*p + v + 45. What is s(p)?
2
Let p = 19 - 18. Let c(r) = -r + 1. Let u(t) = -t - 26. Let q(j) = -5. Let k(v) = 22*q(v) - 4*u(v). Let o(y) = p*k(y) + 5*c(y). What is o(0)?
-1
Let d(n) be the second derivative of -n**7/630 - n**6/144 - n**5/30 + 7*n**4/12 - 204*n. Let g(a) be the third derivative of d(a). Give g(-2).
-10
Suppose 340*l - 336*l + 3 = u, -2*u = -l + 1. Let i(m) be the third derivative of m**6/24 - m**5/60 + m**4/24 + m**3/6 + 3*m**2. Give i(l).
-6
Let t(z) = z + 1. Let q(m) = -1 - 5*m - 7*m + 2*m - 4*m. Let u(c) = q(c) + 4*t(c). Calculate u(3).
-27
Let w(q) = q**3 + q**2 + 4*q - 1. Let g(t) = 6*t**3 + 4*t**2 + 21*t + 10. Let a(z) = g(z) - 5*w(z). Determine a(0).
15
Let t be (14 + -11)*(-8)/(-3). Let x = 368 - 235. Let k(r) = -r - 60 - 70 + x. Give k(t).
-5
Let g(y) = -6*y + 5. Suppose 79 = 5*b - 3*i, 0 = 3*b + 2*i - 6 - 30. Suppose -2*z - 14 = -4*l, -17*l = -5*z - b*l - 28. Calculate g(z).
35
Suppose -5*t - 30 = q, 40*t = 44*t + 24. Let x(n) = n - 2. What is x(q)?
-2
Let d(t) = t + 7. Let y(j) = -j**3 - 22*j**2 + 6*j - 21. Let f be y(-22). Let x = 143 + f. Determine d(x).
-3
Let q(g) = 6*g + 7 - 3*g**3 - 6*g**2 + 4*g + 2*g**3. Let v = 17605 - 17612. What is q(v)?
-14
Suppose w - 6 = -4. Let f(z) = 16*z**2 - 15*z**w - 8*z - 13 + 8. Suppose 5*m - 25 = -5*r, 4*r - 1 = -3*m + 21. Determine f(r).
-12
Let d(g) = 10*g**3 + 18*g**2 + 11*g + 6. Let w(b) = 7*b**3 + 12*b**2 + 7*b + 4. Let c(s) = -5*d(s) + 7*w(s). Let r = -17 - -12. Calculate c(r).
3
Let g be (35/(-10))/(3/(-6)). Let m(h) = -g - h + 1 + 1 - 4 - 11. What is m(-13)?
-7
Let r(m) = 14951*m**2 + 4*m - 29896*m**2 + 25 + 14944*m**2. Determine r(8).
-7
Suppose -5*o = -17*o + 480. Let j(i) = o - 20 - i - 19. Let n be (-1)/2*(0 + 0). Calculate j(n).
1
Let a = 8000 - 7995. Let v(s) = s**3 - 4*s**2 - 4*s - 1. Give v(a).
4
Let w(b) = -b**3 + 16*b**2 - 4*b + 57. Let f = -3441 - -3457. Give w(f).
-7
Suppose 68*d - 74*d - 41*d = -141. Let l(p) be the first derivative of 1/2*p**2 - 20 + 1/4*p**4 + 4/3*p**d - 4*p. Determine l(-3).
2
Let s(m) = m**2 - 5*m + 7. Let l be (-10)/16*-58 + (-2)/8. Suppose -l + 222 = 6*x. Let k = x - 26. Calculate s(k).
7
Let c(l) = 3*l - 55. Let b(r) = -r**3 - r**2 + 412*r + 12. Let j be b(0). Determine c(j).
-19
Let b(h) = 2*h**2 + 3*h + 1. Let q(w) = 11*w**2 + 3*w + 25. Let g(x) = -5*b(x) + q(x). What is g(10)?
0
Suppose 0 = k + b + 14, 0*k + 43 = -3*k - 4*b. Let q(s) = -2 - 6*s + 0*s + 11*s. Let z(i) = -2*i + 1. Let m(h) = k*z(h) - 6*q(h). What is m(6)?
-25
Suppose 0*o + 6 = o. Let v(b) = -18*b**2 - 12*b + 32. Let x(y) = -5*y**2 - 3*y + 8. Let j(u) = -3*v(u) + 11*x(u). What is j(o)?
-26
Let y(g) be the third derivative of -4/3*g**3 + 0 - 75*g**2 + 0*g - 1/12*g**4. What is y(-10)?
12
Let h(o) = o**3 + 3*o**2 - 80*o - 218. Let z be h(-9). Let s(a) = -10*a + 158. Determine s(z).
-2
Suppose 5*s = -4*b + 8*b + 45, -2*s + 2*b = -18. Let a(m) = -s*m - 2 + 0 + 11*m + 9. Determine a(-8).
-9
Let g be (-2 + -1)*((-30)/(-36) - (-1274)/(-156)). Let h(i) = i**3 - 20*i**2 - 46*i + 45. Calculate h(g).
1
Let z(j) = -60*j - 14*j**2 + 12 + 18*j**2 + 26 - 11*j**2 + 5*j**2. Calculate z(-31).
-24
Let i(b) = 257*b**2 + 258*b**2 - 779*b**2 - 2*b + 258*b**2 - 2. Determine i(-3).
-50
Let u(d) = -3*d**2 - d + 91. Let k = -498 + 498. What is u(k)?
91
Let o(g) = -g**3 + 2*g**2 - 2*g - 2. Let h be (-309)/(3 + -6) - (-9 - -11). Let p = -99 + h. Give o(p).
-6
Let b(p) = p**3 - 7*p**2 - 7*p - 8. Let j(k) = k**2 - 2*k - 2*k + 8 - 5*k. Let t be j(9). Let n be b(t). Let h(d) = d - 1. Calculate h(n).
-1
Let q(g) = -3*g - g**3 + 5*g + g + 2*g**2 + 6 + 0*g. Calculate q(4).
-14
Let v(y) = -y**3 + 6*y**2 - 4*y - 1. Let u be (-5)/((14 - 18)*2/(-8)). Let m be 4 - u*4 - (2 - 1). Let f = m + -18. Calculate v(f).
4
Let z(m) = 5*m**3 - m + 1. Let k be 1*-1 + (7 + 3 - 2). Suppose k*x - 4*x = 0. Suppose x*f + 5 = 5*f. What is z(f)?
5
Let i(p) = -53*p + 65*p - 559 + 409. Determine i(13).
6
Let h(x) be the first derivative of -8*x**3/3 + x**2/2 + 34. Let k be (-2 - 2) + (24 - -3). Suppose k = 3*b - 4*n, -n - n - 9 = b. What is h(b)?
-7
Let h(u) = -88*u**2 + 45*u - 17. Let r(f) = 71*f**2 - 44*f + 15. Let z(b) = -4*h(b) - 5*r(b). Calculate z(14).
-35
Suppose n - 4*n - 104 = -u, 8 = -4*n. Suppose -84*o = -u*o - 84. Let y(p) = p**2 + 10*p - 2. Give y(o).
-26
Let i(p) = p**2 + p - 8. Let x be i(3). Suppose -5*v - 1 = -5*n + x, 4*n - 4 = 5*v. Let l(d) = 11*d**3 + 1. Give l(n).
12
Let u(x) = -1 - 5*x**2 - x**3 - 257*x + 268*x - 2 - 6*x**2. Let i be -15 + -4 - 63/(-9). Calculate u(i).
9
Let k(z) = -6*z - 8*z - 8 + 34*z - 9*z - 2. Let b(f) = 10*f - 8. Let n(a) = -4*b(a) + 3*k(a). Determine n(-4).
30
Let l(v) = 9*v**2 - 228*v + 25. Let w(x) = -38*x**2 + 972*x - 102. Let f(c) = -17*l(c) - 4*w(c). Let y be (-1)/(1*(-2)/(-22)). Calculate f(y).
-6
Suppose 9*o + o - 80 = 0. Let m(g) = 20*g - 63. Let t(s) = -5*s + 16. Let w(c) = 2*m(c) + 9*t(c). Let f(l) = 2*l - 6. Let n(j) = o*f(j) + 3*w(j). Give n(0).
6
Let l(u) = 1 - 7*u - 35*u + 17*u - 36*u + 0*u. Determine l(1).
-60
Let f(r) be the second derivative of 5/4*r**4 - 1/2*r**2 - 3 - 10*r + 0*r**3. Give f(1).
14
Let t(w) = 417*w + 418*w + 88 - 1271*w + 424*w. Calculate t(7).
4
Let s be 0 - (-1*8)/2. Suppose -40 = -k - s*k. Let v(c) = 102*c - 4. Let g(n) = 347*n - 15. Let d(u) = -5*g(u) + 17*v(u). Give d(k).
-1
Let g = -47 - -50. Suppose 3 = 2*x + 5*m - 34, 15 = g*m. Let k(w) = -w**3 + 7*w**2 - 5*w + 2. Determine k(x).
8
Let r(t) = -t - 8. Suppose -41 + 4 = -4*y - 3*c, -2*y - 5*c + 29 = 0. Let w be y*8/(-4) + (6 - 6). Give r(w).
6
Let m(f) = -2*f + 4. Suppose 4*b + 295 = 155. Let r be (-5)/(b/21) + -6. Give m(r).
10
Let o = 4668 + -4666. Let a(k) = -k**3 + 8*k - 6. Give a(o).
2
Let y(s) be the third derivative of 0 + 0*s + 1/24*s**4 + 1/15*s**5 + 1/6*s**3 + s**2. Suppose 28*l = 25*l + w - 7, -17 = -3*l - 5*w. What is y(l)?
4
Let p(d) be the second derivative of d**8/6720 + d**7/360 + d**6/80 + d**5/20 - 73*d**4/12 + 15*d. Let o(y) be the third derivative of p(y). What is o(-6)?
-12
Let x(w) = w**2 + 4*w + 3. Let s(i) = -i**2 + i + 1. Let b(c) = -2*s(c) - x(c). Let n = -285 - -294. Determine b(n).
22
Let c(u) = -13*u - 46. Let m(i) = -i**3 + 1